r when 9850157 is divided by 17403?
59
What is the remainder when 154007 is divided by 25605?
377
Calculate the remainder when 38735874 is divided by 116.
110
What is the remainder when 29191714 is divided by 87?
82
Calculate the remainder when 3166704 is divided by 927.
72
Calculate the remainder when 63230 is divided by 83.
67
Calculate the remainder when 3428209 is divided by 533.
486
Calculate the remainder when 5480523 is divided by 534.
81
What is the remainder when 11726360 is divided by 88836?
8
What is the remainder when 297117 is divided by 148555?
7
Calculate the remainder when 87761902 is divided by 6095.
6092
What is the remainder when 142250626 is divided by 2452597?
0
What is the remainder when 9412483 is divided by 388?
379
Calculate the remainder when 11041874 is divided by 95.
24
What is the remainder when 1260883 is divided by 6708?
6487
What is the remainder when 1161996 is divided by 437?
13
Calculate the remainder when 976930 is divided by 14366.
42
What is the remainder when 101122 is divided by 273?
112
Calculate the remainder when 8514 is divided by 5459.
3055
Calculate the remainder when 55395947 is divided by 26.
9
What is the remainder when 15024 is divided by 125?
24
What is the remainder when 586769 is divided by 40?
9
Calculate the remainder when 1092839 is divided by 28021.
20
What is the remainder when 7125301 is divided by 45675?
1
What is the remainder when 35889 is divided by 192?
177
Calculate the remainder when 35321999 is divided by 580.
579
Calculate the remainder when 92595 is divided by 92067.
528
Calculate the remainder when 12640 is divided by 699.
58
Calculate the remainder when 299108 is divided by 3477.
86
What is the remainder when 126123463 is divided by 33?
4
Calculate the remainder when 605496307 is divided by 2013.
2011
Calculate the remainder when 19563 is divided by 7789.
3985
What is the remainder when 4053391 is divided by 15124?
159
Calculate the remainder when 831811 is divided by 836.
827
What is the remainder when 2136248 is divided by 24001?
159
What is the remainder when 648539 is divided by 886?
873
What is the remainder when 10028502 is divided by 1936?
22
Calculate the remainder when 1321553 is divided by 629.
24
Calculate the remainder when 153769 is divided by 1284.
973
What is the remainder when 667967 is divided by 17954?
3669
Calculate the remainder when 766941 is divided by 513.
6
What is the remainder when 1256746 is divided by 3952?
10
What is the remainder when 3634731 is divided by 262?
5
Calculate the remainder when 332816 is divided by 14463.
167
What is the remainder when 4424678 is divided by 143?
115
What is the remainder when 244942737 is divided by 21?
18
Calculate the remainder when 15075 is divided by 1368.
27
What is the remainder when 11425 is divided by 1342?
689
Calculate the remainder when 45120963 is divided by 1904.
1875
Calculate the remainder when 34090346 is divided by 254.
244
What is the remainder when 5504840 is divided by 152?
8
What is the remainder when 8953 is divided by 2972?
37
What is the remainder when 39340168 is divided by 1921?
9
What is the remainder when 9030792 is divided by 420?
372
Calculate the remainder when 245200 is divided by 10.
0
What is the remainder when 334432 is divided by 10737?
1585
Calculate the remainder when 30203258 is divided by 30203251.
7
Calculate the remainder when 716580 is divided by 13039.
12474
What is the remainder when 41064601 is divided by 17995?
11
Calculate the remainder when 582726 is divided by 311.
223
What is the remainder when 4646617 is divided by 6220?
277
What is the remainder when 45877704 is divided by 2548761?
6
What is the remainder when 121772 is divided by 10143?
56
Calculate the remainder when 96879 is divided by 88.
79
Calculate the remainder when 275437 is divided by 4302.
109
What is the remainder when 85861014 is divided by 3956?
3946
Calculate the remainder when 7347737 is divided by 17.
14
What is the remainder when 974967374 is divided by 15?
14
What is the remainder when 10422208 is divided by 2562?
2554
Calculate the remainder when 153463432 is divided by 11688.
11680
What is the remainder when 174839 is divided by 2132?
15
Calculate the remainder when 494843 is divided by 2028.
11
Calculate the remainder when 18504301 is divided by 1416.
13
What is the remainder when 1532849 is divided by 972?
5
What is the remainder when 61377 is divided by 477?
321
What is the remainder when 468989 is divided by 3147?
86
What is the remainder when 384139687 is divided by 6830?
6827
What is the remainder when 13471759 is divided by 14?
7
Calculate the remainder when 4916163 is divided by 3245.
3233
Calculate the remainder when 42955 is divided by 7158.
7
What is the remainder when 53341 is divided by 276?
73
What is the remainder when 14639858 is divided by 39?
38
What is the remainder when 33477 is divided by 5376?
1221
What is the remainder when 4964840 is divided by 3031?
62
Calculate the remainder when 1501405 is divided by 1113.
1081
Calculate the remainder when 383825 is divided by 10090.
405
What is the remainder when 26596099 is divided by 477?
10
What is the remainder when 6010863 is divided by 1889?
65
What is the remainder when 64129099 is divided by 4808?
4803
What is the remainder when 37375740 is divided by 238062?
6
What is the remainder when 1204309 is divided by 49?
36
Calculate the remainder when 51664175 is divided by 1722139.
5
Calculate the remainder when 3430 is divided by 1518.
394
What is the remainder when 27445906 is divided by 685?
11
What is the remainder when 412704 is divided by 5812?
52
What is the remainder when 1671782 is divided by 19666?
172
Calculate the remainder when 275933 is divided by 145.
143
What is the remainder when 454606 is divided by 8635?
5586
Calculate the remainder when 2011746 is divided by 6866.
8
Calculate the remainder when 47398445 is divided by 68.
65
What is the remainder when 48423238 is divided by 2305868?
10
What is the remainder when 2486119 is divided by 985?
964
Calculate the remainder when 5486652 is divided by 1838.
222
What is the remainder when 2966232 is divided by 3955?
3937
What is the remainder when 947281377 is divided by 30?
27
Calculate the remainder when 27898994 is divided by 1368.
2
What is the remainder when 273596 is divided by 1968?
44
What is the remainder when 3093078 is divided by 1546413?
252
Calculate the remainder when 648713 is divided by 108053.
395
What is the remainder when 11871444 is divided by 6235?
4
What is the remainder when 176258 is divided by 155?
23
Calculate the remainder when 18334 is divided by 1217.
79
What is the remainder when 39774 is divided by 6604?
150
What is the remainder when 1129962 is divided by 1064?
1058
What is the remainder when 334333164 is divided by 331?
325
Calculate the remainder when 17371318 is divided by 722.
720
Calculate the remainder when 281178 is divided by 902.
656
Calculate the remainder when 2021253 is divided by 735.
3
What is the remainder when 1578928 is divided by 376?
104
What is the remainder when 12869 is divided by 317?
189
Calculate the remainder when 8040 is divided by 7697.
343
What is the remainder when 1914149 is divided by 1079?
3
What is the remainder when 574052 is divided by 983?
963
Calculate the remainder when 11836303 is divided by 5447.
5419
What is the remainder when 1677442 is divided by 12416?
1282
Calculate the remainder when 245731 is divided by 27288.
139
Calculate the remainder when 209457 is divided by 103753.
1951
Calculate the remainder when 549176 is divided by 274530.
116
What is the remainder when 38058251 is divided by 16327?
14
What is the remainder when 309308 is divided by 38647?
132
Calculate the remainder when 1691508 is divided by 126.
84
What is the remainder when 659382 is divided by 1055?
7
What is the remainder when 101161 is divided by 1431?
991
What is the remainder when 250523 is divided by 426?
35
Calculate the remainder when 305031 is divided by 1385.
331
Calculate the remainder when 134049 is divided by 67008.
33
What is the remainder when 86165 is divided by 1629?
1457
What is the remainder when 8775674 is divided by 857?
851
What is the remainder when 9274 is divided by 1247?
545
Calculate the remainde